l(s). List the prime factors of b(2).
3, 151
Let a be -4 + 2/9 + 1680/216. Suppose -q = -v + 860, 0 = -v - a*v + 3*q + 4302. What are the prime factors of v?
3, 7, 41
Let k(c) = -11*c**3 - 37*c**2 - 195*c - 23. List the prime factors of k(-9).
2, 11, 307
Let m(v) = 4*v - 14. Let t be m(5). Let d(a) = 19*a + 37. Let l be d(t). Let y = l + 105. List the prime factors of y.
2
Suppose 5*n = 16 + 4. Suppose -11*j + 60 = n*j. Suppose j*p - 307 = 653. What are the prime factors of p?
2, 3, 5
Let l be ((-20)/15)/((-1)/3*2). Suppose -l*u - 3*r - 36 = 0, -u - 2*u + 3*r = 54. List the prime factors of 1770/12*(-1 + u/(-10)).
2, 59
Let a(w) = -w**2 - 28*w - 102. Let p be a(-22). Suppose 3848 = p*t - 15592. What are the prime factors of t?
2, 3
Let u(p) = 3*p**2 - 8*p - 1602. Let a be u(0). Suppose d = 6*d - 45. List the prime factors of a/(-8) - d*(-5)/60.
3, 67
Let n(j) = j**2 + 7*j + 54. Let g be n(-12). Let p = 48 + g. List the prime factors of p.
2, 3
Suppose 0 = -5*o + 523 + 187. Suppose -9*f = -o - 461. Let c = -34 + f. What are the prime factors of c?
3, 11
Let r(t) = 27*t**3 - 6*t**2 - 2*t + 138. What are the prime factors of r(9)?
3, 47, 137
Let l = -109 + -69. Let y = l - -607. What are the prime factors of y?
3, 11, 13
Let g(h) = -h**3 + 2*h**2 + 11*h - 8. Let t be g(5). Let a = t + -2. Let q = a - -97. List the prime factors of q.
67
Let b = 11 + -53. Let q be (b/(-12) - 3) + (-242)/(-4). Let w = q + 24. List the prime factors of w.
5, 17
Suppose -3*v = g - 12056, -5117 = -2*g + 3*v + 18995. What are the prime factors of g?
2, 11, 137
Let c(u) be the first derivative of 15*u**2/2 + 20*u - 10. Let k be c(10). Suppose 42 = -4*i + k. List the prime factors of i.
2
Suppose -3*w + 14 = 4*y, y + y - 5*w = 20. Let u = -696 + 703. Suppose -y*m - 6 = -u*m. What are the prime factors of m?
3
List the prime factors of (330/36 - 9)/((-3)/(-200034) + 0).
11113
Let j = -8463 + 15459. List the prime factors of j.
2, 3, 11, 53
Suppose -123731 = -4*r - c, -2*r + 3*c + 123719 = 2*r. List the prime factors of r.
2, 11, 19, 37
Let r be 0/((3 + 7/(-2))*4). Let b(g) = -41 - 3*g - 4*g + r*g + 32. What are the prime factors of b(-13)?
2, 41
Let q(m) = -m**2 + 21*m + 14. Suppose -61 = 3*o - 2*n + 14, -2*n - 6 = 0. Let s = 38 + o. What are the prime factors of q(s)?
2, 31
Let b = -37 - -26. Let t(o) = -2*o + 18. Let z be t(b). Let u = z - -38. What are the prime factors of u?
2, 3, 13
Let c(z) = 35*z + 128. Suppose 2*b + 10 = 0, 17*t + 51 = 19*t + 3*b. What are the prime factors of c(t)?
1283
Let j(n) = 2*n**2 + 15*n + 302. Let g be (-5368)/242 - 6/(-33). List the prime factors of j(g).
2, 5, 47
Let g = 3556 - -21693. Suppose -37*p + 1650 = -g. List the prime factors of p.
727
List the prime factors of (-1713 - -30)*44/(-6).
2, 3, 11, 17
Let x = -6769 + 18702. List the prime factors of x.
11933
Let h be 1/(6/(-4) - -2) + 0. Suppose h*f = 4*f. Suppose f*a + 28 = 2*a. List the prime factors of a.
2, 7
Suppose 114*m + 17 = 115*m + 3*o, -2*m + 32 = 5*o. Let d(u) = 132*u + 121. What are the prime factors of d(m)?
11, 13
Suppose 7620 = 4*b - 5444. Suppose k + b = 3*w - 0*k, w - 1072 = -3*k. What are the prime factors of w?
1087
Let q be (19/5)/(2 - (-9)/(-5)). Let y(g) = -5*g + 62. Let c be y(q). What are the prime factors of (-3954)/c + (-2)/(-11)?
2, 3, 5
Let k be 2/(-1 - (-1821)/1815). Let a be 1*k/((-20)/(-4)). Suppose -c + 56 + a = 0. List the prime factors of c.
3, 59
Let t(m) = 192683 - 192579 - m**2 + 37*m - 8*m. What are the prime factors of t(28)?
2, 3, 11
Let j be (-1)/(-5) + (-1287)/(-15). Let z = j - -136. What are the prime factors of (1 - 3)*z/(-4)?
3, 37
Let c(p) = -p**3 + 2*p**2 + p - 5. Let g be c(2). What are the prime factors of (-6)/2 - (-2)/g*-51?
31
Let c(r) = 78*r**3 + 28*r**2 + 25*r - 25. What are the prime factors of c(7)?
2, 7069
Let f = 17 - 25. Let h(o) = -o - 4. Let k be h(f). Suppose k*g - g = 42. What are the prime factors of g?
2, 7
Suppose 0 = 13*g - 14*g - 5*s + 4202, -3*g = 2*s - 12606. List the prime factors of g.
2, 11, 191
Suppose 28*j = 53*j - 214500. What are the prime factors of j?
2, 3, 5, 11, 13
Let t = 12698 + -6127. List the prime factors of t.
6571
Suppose 0 = -298*c + 297*c - 1. List the prime factors of 8 + -7 + 0 - c*921.
2, 461
Let z be -4 - 0/(-1) - (-414 - 14). Let g = -1176 + z. What are the prime factors of 14/49 - g/14?
2, 3
Let b(j) = 177*j + 49. Let u(n) = -179*n - 48. Let y(o) = -4*b(o) - 3*u(o). What are the prime factors of y(-3)?
461
Suppose 0 = -2*w + 2*i - 0*i + 46, -4*w + 110 = 2*i. Let s = w - 10. List the prime factors of (4/s*-31)/(2/(-24)).
3, 31
Let i be (-6)/5*120/(-36). Let d be i - (9 - 3) - -2. List the prime factors of (d + -7)*((-600)/14)/2.
2, 3, 5
Let v(t) = 304*t**2 - 14*t + 36. Let x be v(2). Suppose -6*a + x = -1920. What are the prime factors of a?
2, 131
Let l be -1 - -3 - (-2 + 1). Let o be 2/(-10)*(10 - (6 + 19)). Suppose -5*w + 296 = 3*y, o*w - 504 = -8*y + l*y. What are the prime factors of y?
2, 3, 17
Suppose -53 = -4*a - 21. Suppose 2*h - 5*p = -9 - 0, 3*h - 2*p + a = 0. List the prime factors of (h/(-4))/((-3)/(-42)).
7
Suppose -37*c - 4994 = -97790 - 106819. List the prime factors of c.
5, 13, 83
Suppose -20*g + 17*g + 46398 = 0. What are the prime factors of g?
2, 11, 19, 37
Suppose 3*o - 108*b = -107*b + 78892, 3*o - 78896 = 2*b. List the prime factors of o.
2, 19, 173
Suppose g - 4*g + 3*t + 26838 = 0, -26846 = -3*g + 5*t. What are the prime factors of g?
2, 17, 263
List the prime factors of (99/1)/(11/3267) - 3.
2, 3, 5, 7
Suppose 16*r - 48828 + 7388 = 0. List the prime factors of r.
2, 5, 7, 37
Let v(i) = -i**2 - 13*i + 62. Let a be v(12). Let z = a + 494. List the prime factors of z.
2
Let o(s) = 3*s - 29. Let f be o(7). Let h(t) = -5*t - 32. Let i be h(f). Suppose w - i = 76. List the prime factors of w.
2, 3, 7
What are the prime factors of (-4728)/(-30)*315/14?
2, 3, 197
Suppose 2*l + 3*l - 5*j + 245 = 0, -2*l = 2*j + 90. Let t = l + 180. List the prime factors of t.
7, 19
Let y(r) = -r**2 + 64. Let t(f) be the first derivative of -f**2/2 - 10*f - 8. Let w be t(-10). List the prime factors of y(w).
2
Let a(m) = -m + 26. Let z be a(14). Let d be (12/z)/((-1)/3). Let w(j) = -26*j + 14. List the prime factors of w(d).
2, 23
Suppose -22*h + 1 + 43 = 0. Suppose -h*s = x - 1310, -3*s = -x - 1359 - 596. List the prime factors of s.
653
Let h(k) = -263*k - 4. Let j = -35 - -33. What are the prime factors of h(j)?
2, 3, 29
Suppose 3*q + 0*k + k = 16, 0 = 5*k + 25. Let j = 231 + q. Suppose j - 66 = 4*r. What are the prime factors of r?
43
Let q = -1705 + 3665. Suppose 6642 = 11*s - q. What are the prime factors of s?
2, 17, 23
Suppose -24075 = -73*o + 68*o - 5*t, 4*t + 9618 = 2*o. What are the prime factors of o?
4813
Suppose -3*i + 4367 = -2335. Suppose -5*o + 1971 + i = 0. What are the prime factors of o?
29
What are the prime factors of (-12933426)/(-341) + 34/527?
2, 11, 431
Suppose 3*v + 5*x = 6*x + 1732, 3*v - 5*x = 1736. Let z = -306 + v. List the prime factors of z.
271
Suppose -404928 = 48*d + 14*d - 100*d. List the prime factors of d.
2, 3, 37
What are the prime factors of (-22)/99 - (-86168)/9?
2, 4787
Let m be 3*(-4)/(-6) + 6. Let v be m/((1 + 1)/1). List the prime factors of (86/v)/((-8)/(-16)).
43
Let i(t) = 64*t + 78. Let g(x) = 321*x + 389. Let c(y) = -2*g(y) + 11*i(y). List the prime factors of c(8).
2, 3
Let g(f) = -f**3 - 22*f**2 - 141*f + 17. What are the prime factors of g(-25)?
5417
Suppose 4*o - 7592 = 3*a + 63497, 4*a = -2*o + 35550. List the prime factors of o.
7, 2539
Let m(y) = 8*y**2 + 4*y - 7. Let q = -219 - -212. What are the prime factors of m(q)?
3, 7, 17
Let p(g) = 86*g + 2549. What are the prime factors of p(8)?
3, 13, 83
Let q(i) = 3*i - 5. Let p be q(1). Let o be (p/(-4))/(2/68). List the prime factors of o/2 - 33/(-22).
2, 5
Let r(n) = 4*n + 80. Let i be r(-21). Let s be ((-12)/18)/(i/18). Suppose 4*j + 800 = 3*o + s*j, -4*o - 3*j + 1084 = 0. What are the prime factors of o?
2, 67
Let b = 168 - 122. Let n be (b + (-11 - -5))*(-6)/(-5). Suppose -5*c + 2*c = -n. List the prime factors of c.
2
Let n(q) = -q**3 + 24*q**2 + 31*q + 21. Let z = -34 + 36. Let f(o) = 5*o**2 + 5*o - 5. Let g be f(z). What are the prime factors of n(g)?
3, 19
Suppose 0 = -